actors of v?
277
Let x(i) = 3*i**3 + i - 1. Let z be x(1). Suppose -15 = -2*r - z*r. Suppose -2*m + 4*h + 18 = 0, -4*m + r*m + 33 = 4*h. List the prime factors of m.
17
Let w(c) = 2*c**2 + 3*c - 3. Let m be w(-3). List the prime factors of ((-3)/m)/(1/(-10)).
5
Let x = 4 + -2. Let w(k) = 1 + k - k**x - 2*k - 3*k. List the prime factors of w(-3).
2
Suppose -2*g - 2*w + 3 - 1 = 0, -4*g = 2*w - 10. Suppose -g*k + 2 = -10. Suppose k*p - 15 = -0*p. What are the prime factors of p?
5
Let a(h) = h**2 - 9*h + 68. List the prime factors of a(6).
2, 5
Suppose r = 3*q + 81, 7*r - 381 = 2*r + 3*q. Let l = -12 - r. What are the prime factors of (-2)/8 + l/(-12)?
7
Let j = 26 - 22. Suppose 97 = j*g + 5. What are the prime factors of g?
23
Let b(d) = -2*d + 8. What are the prime factors of b(-9)?
2, 13
Let s(o) = -o + 25. List the prime factors of s(-12).
37
List the prime factors of 96*((-10)/(-4) - 2).
2, 3
Suppose 11*j = 6*j + 110. What are the prime factors of j?
2, 11
Suppose 5*c + 23 - 3 = -4*y, -2*c - y = 5. Suppose 0 = -2*s + 2*k - 5*k + 3, -2*s - 4*k + 2 = 0. Suppose t = s - c. What are the prime factors of t?
3
Suppose -8 = -4*v + 3*v. Let f be (1 + (-2)/1)*-12. Let w = f - v. What are the prime factors of w?
2
Let t = 84 - 31. List the prime factors of t.
53
Suppose -77 - 373 = -5*g + 5*z, 0 = -g - 4*z + 110. Let m = g + -56. List the prime factors of m.
2, 19
Let r(g) = g**3 - g**2 - g + 1. Let w be r(2). What are the prime factors of 1 + w/(9/69)?
2, 3
Suppose j + 93 = 3*k - 2*k, 0 = -4*k - 2*j + 396. Suppose -37 = 5*l - k. What are the prime factors of l?
2, 3
Let u be 2/9 + (-210)/(-27). Suppose 0 = -2*r + 16 + u. What are the prime factors of r?
2, 3
Let m = -5 + 9. Suppose -15 = m*z - 7. What are the prime factors of (z/(-3))/((-2)/(-24))?
2
Let h(v) = -14*v**3 + v**2 - 1. Let m be h(1). Let c = 52 + m. List the prime factors of c.
2, 19
Suppose -54 = -3*v + 15. Let x(z) = 3*z**2 + z - 1. Let l be x(1). Suppose q + t + 2*t - 3 = 0, -l*q + v = -5*t. List the prime factors of q.
2, 3
Let z(g) = -g**2 + 6*g + 9. Let u be z(7). Let v = 9 - u. List the prime factors of v.
7
Suppose 3*x + 6 = -12. Let p(r) = -3*r**3 + 6*r + 4*r**3 + 7*r**2 + 3*r - 3*r + 4. What are the prime factors of p(x)?
2
Suppose -3*r + 807 = 3*k, -4*r = -2*k - 2*k + 1068. Let p be 2/5 - k/(-5). Suppose p = 3*h + 21. List the prime factors of h.
11
Suppose -3*p + 5*w = -7 - 11, -5 = 4*p + 3*w. List the prime factors of 20 - 3/p - 3.
2, 7
Let s(r) = r**3 + 10*r**2 - 8*r - 14. What are the prime factors of s(-10)?
2, 3, 11
Let i(m) = m + 14. Let k be i(-7). Let j = 24 - k. Let q = j + -5. List the prime factors of q.
2, 3
Suppose -3*m + 8*m - 15 = 0. Let z(k) = -k + 2. Let y be z(0). Suppose 0 = m*c + y*a - 6 - 7, 2*c + a = 9. What are the prime factors of c?
5
Suppose -4*j + 144 = 24. List the prime factors of j.
2, 3, 5
Let a = -3 + 5. Suppose 0 = 4*k + a - 30. List the prime factors of k.
7
Let w(s) = -6*s - 3. Let m be (2 - (-2 + 3))*-2. What are the prime factors of w(m)?
3
Suppose 0 = o + 2*t - 143, 0*t = 5*o + 3*t - 736. What are the prime factors of o?
149
Let w = 5 + -11. List the prime factors of (0 + -2)*63/w.
3, 7
Let n(u) = u**3 + 4*u**2 - 2*u + 4. Let m be n(-4). Let p be (-3)/(9/m*-2). Suppose -2*w + p = -4. What are the prime factors of w?
3
Let y = 10 - 17. What are the prime factors of (y/(-4) + -1)*20?
3, 5
Let z(d) = d**3 + 11*d**2 - 2*d - 17. What are the prime factors of z(-9)?
163
Suppose j + j = -2. What are the prime factors of (-3 - -5) + (13 - j)?
2
Suppose -3*z + 11 + 42 = 4*x, -5*x - 62 = -3*z. Suppose 2*b = b + z. What are the prime factors of b?
19
Let h(r) = 4*r - 11. Let x(b) = -4*b + 10. Let w(t) = -3*h(t) - 4*x(t). Let g be w(7). What are the prime factors of (-3)/((-9)/(-6)) + g?
19
Let j = 3 - -2. Suppose -2*c + c - 2*c = 0. Suppose v + 2*h - 14 = c, -4*v = h + j - 47. List the prime factors of v.
2, 5
Let s(g) = 1. Let m(p) = -p + 3. Let n(b) = -m(b) - 4*s(b). What are the prime factors of n(15)?
2
Let u = 3 + -1. Suppose u*n - 14 = -i - 3, 4*n = 2*i + 18. Suppose -30 = -n*s + 2*h - 2, -4*s + 2*h + 22 = 0. What are the prime factors of s?
2, 3
Let m be ((-2)/2)/(4/(-32)). Let r = m + -5. What are the prime factors of r?
3
Suppose -3*d + 19 = w, -5*d = -2*w + 76 - 16. Suppose -u = -6*u + w. Suppose -2*l = -4*f + 46, -4*l - 56 - 9 = -u*f. List the prime factors of f.
3
Let x = -1 - -3. List the prime factors of (2/x)/(2/18).
3
List the prime factors of (-161)/(-4) + 9/(-36).
2, 5
Let c = -7 + 16. Suppose j - c = -3*a, -3*j - 2*a + 10 = -3. Let y = j + 1. What are the prime factors of y?
2
Suppose -5*q + 3*q = 0. Suppose 4*v - a + q = -4, -4*v = a - 4. Let y(w) = w + 6. What are the prime factors of y(v)?
2, 3
Let i = -22 + 13. Let r be (-9)/(-6)*(-426)/i. Suppose -4*v + r = -g, -17 - 40 = -3*v + 2*g. List the prime factors of v.
17
Suppose 3*o - 7 = -1. Suppose 0 = -o*s - 71 + 19. Let j = 44 + s. What are the prime factors of j?
2, 3
Let g = 34 - 2. List the prime factors of g.
2
Suppose b - 741 + 149 = -2*u, -5*u = b - 1486. What are the prime factors of u?
2, 149
Let a(n) = n + 16. Let w be a(-15). What are the prime factors of (-2)/((-4 + w)/3)?
2
Let n = 5 + -9. Let o be (-237)/(-5) + n/10. Suppose 0 = 5*a + w - o, -3*a - 3*w + 11 = -a. List the prime factors of a.
2, 5
Suppose 0 = -a - 3*a + 176. Suppose -5*z + z = -a. List the prime factors of z.
11
Let h = 4 + -4. Let c = 3 - h. Let x(v) = 2*v - 1. List the prime factors of x(c).
5
Suppose 3*p - 13 = -w - 0*p, -5*w + 4*p + 27 = 0. Let u(b) = -6*b + 3. Let t be u(w). Let r = -22 - t. List the prime factors of r.
17
Suppose -3*l - 2*n - 2 = 2*l, -2*n = 4*l. Let t be 2 + 3 + 2 + l. Suppose t*r - 27 = -c, 5*r = 4*c + 2*r + 7. What are the prime factors of c?
2
Let p be (-4)/(-14) - (-48)/28. Suppose -51 = -5*x - p*k, 4*k = 2*x + k - 28. What are the prime factors of x?
11
Let l = 13 + -48. Let r = -17 - l. List the prime factors of (20/(-3))/((-12)/r).
2, 5
Let v = 1 + -1. Let u(y) = -y**2 - y. Let z(g) = 3*g**2 + 3*g - 12. Let p(s) = -2*u(s) - z(s). What are the prime factors of p(v)?
2, 3
Suppose 0 = 5*j + 2*n + 70, 2*j + 20 + 8 = 5*n. Let r = j + 10. List the prime factors of 61/7 + r/(-14).
3
Let v be (1 - -9)/((-1)/(-1)). Suppose 5*q - 90 = v. Suppose q - 4 = 2*c. List the prime factors of c.
2
Suppose -2828 - 602 = -10*a. What are the prime factors of a?
7
Suppose 0 = 6*o - 131 - 25. What are the prime factors of o?
2, 13
Suppose 0*w - 684 = -4*w. List the prime factors of w.
3, 19
Let i be 192/5 + (-3)/(-5). Suppose v + 2*v + i = 0. Let u = -1 - v. List the prime factors of u.
2, 3
Suppose 0 = 3*w - 3*a + 27, 5*a - 32 = 3*w + 3. Suppose 0 = 3*z - 9, -4*o - 3*z = 1 - 42. Let i = w + o. What are the prime factors of i?
3
Let i = 2 + -16. Let v = i + 27. List the prime factors of v.
13
Let m(o) = -45*o + 1. Let j be m(-3). Suppose -2*p = 2*p - j. List the prime factors of p.
2, 17
Let u = -46 - -259. List the prime factors of u.
3, 71
What are the prime factors of (1 - 25)*(-1)/2?
2, 3
Let v be 172/3 - (-6)/9. Suppose 0 = 5*c - v - 152. Suppose 5*g + 2 = c. What are the prime factors of g?
2
Let h = 25 + 12. What are the prime factors of h?
37
Suppose 0 = -4*z - 6*z + 670. What are the prime factors of z?
67
Let x = -8 - -19. List the prime factors of x.
11
Let l be (-4 - -3)*1*-37. Suppose m = 2*j - l, 3*m = -0*j - 3*j + 42. List the prime factors of j.
17
Let a = 40 - -129. What are the prime factors of a?
13
Let i(x) be the second derivative of -5*x**3/6 - x. Let a be i(2). Let r = -6 - a. List the prime factors of r.
2
Suppose -z = -0*z - 4. Suppose 0 = z*c - 5*s - 52, -3*s + 3 + 1 = 2*c. What are the prime factors of c?
2
Suppose 5*x = 2*x + 39. Let n = x + -2. What are the prime factors of n?
11
Suppose 5*r = -20, 0*r - 77 = -b + 3*r. What are the prime factors of b?
5, 13
Suppose 0 = 2*c - c + 9. List the prime factors of (-30)/(-9)*c/(-6).
5
Let k = 7 + 129. What are the prime factors of k?
2, 17
Let u(p) be the first derivative of -5/2*p**2 + 1/4*p**4 - 6*p - 1 + 4/3*p**3. What are the prime factors of u(-4)?
2, 7
Let l = 18 - 2. Suppose -4*c = 0, -c = 2*h + 4*c. Suppose u = -i + l, 2*i - 4*u - 2 = -h. List the prime factors of i.
11
Suppose -2*i - 7 = -t - 4*t, t + 2*i -